 of ((-273)/6)/(j/(-16))?
7, 13
Suppose -3*c + 5 - 37 = -v, 0 = -3*c + 3*v - 24. Let f(p) = p + 13. Let x be f(c). Let w(m) = 22*m**3 + m**2. What are the prime factors of w(x)?
23
Suppose -3*n + 2*n = -5, n - 6483 = -2*d. What are the prime factors of d?
41, 79
Suppose -14*z + h = -9*z - 3392, 3*h + 3396 = 5*z. What are the prime factors of z?
2, 3, 113
Suppose -v - 60 = -6*v. Suppose 4*p - 4 = 28. Suppose -p*l + 7*l + v = 0. List the prime factors of l.
2, 3
Suppose 5 = -b + 2*b. Suppose -b*j + 18 = 3*n, 0*j = -5*j. Let r = 11 - n. What are the prime factors of r?
5
Let b = 4 + 1. Suppose 5*u - 185 = u - b*s, s = -4*u + 165. Let m = 6 + u. What are the prime factors of m?
2, 23
Suppose 20*w - 6*w = 12712. List the prime factors of w.
2, 227
Let w(h) be the second derivative of -h**4/12 - 7*h**3/3 - 13*h**2/2 + h. What are the prime factors of w(-12)?
11
Suppose 248 = 3*h - 1321. What are the prime factors of h?
523
Let h be 32/80 + 8/5. Let z(c) = -2 + 5*c**h + 6*c - 8*c + 2*c**2. List the prime factors of z(-2).
2, 3, 5
Let s = 67 - 48. Let m = 64 - s. List the prime factors of m.
3, 5
Let d(p) = -29*p + 8. Let w be 1/(2/(-6) + 5/60). What are the prime factors of d(w)?
2, 31
Suppose -5*q - 39 = -8*q. Suppose q*w + 31 = 1643. List the prime factors of w.
2, 31
What are the prime factors of (501/15 + 4)/((-26)/(-2210))?
11, 17
Let q(s) = 2*s. Let d = 25 - 25. Let c = d - -8. What are the prime factors of q(c)?
2
Let i(j) = -2*j**3 - 3*j**2 + 4*j + 6. Let c be i(-4). Suppose 0*m + 2*m + 6 = d, -4*m - 4 = 0. Suppose -c - 46 = -d*q. What are the prime factors of q?
29
List the prime factors of 1 - (14/28 + 662/(-4)).
2, 83
Suppose -7*r = 3*k - 12*r - 772, -478 = -2*k - 4*r. List the prime factors of k.
3, 83
What are the prime factors of (12/9)/(8/27978)?
4663
What are the prime factors of 1922 - (-12 - (5 - 16))?
3, 641
Let g be 12 + ((-2)/1 - 1). Suppose -g = -2*q - n, 6*n - n = q + 1. Suppose 4*y - 7*y - 9 = -2*k, -q*y + 8 = 4*k. What are the prime factors of k?
3
Let y = -1945 - -3389. What are the prime factors of y?
2, 19
Let p = 19 + 13. Let d = -14 + p. List the prime factors of d.
2, 3
What are the prime factors of 3647 - -3 - (-5 - 1 - -1)?
5, 17, 43
Let a(o) = -2*o**3 - 4*o**2 + 4. Let b be a(-3). What are the prime factors of (-8)/(-44)*-1 - (-1368)/b?
2, 31
Suppose 2*g = -2*g - 220. Let a = -33 - g. What are the prime factors of a?
2, 11
Suppose 0 = -3*m - 4*h + 26, -4*m + h = -0*h - 22. Let z = m + -3. Suppose -z*k = 0, 0 = -l + 5*k + 29 - 0. List the prime factors of l.
29
Let i(k) = -12*k**3 + k. Let n be i(-1). Suppose -16*r + n*r = 0. List the prime factors of r - (-3 - -6) - -25.
2, 11
Suppose 3*a - 2*p + 167 = 0, 0 = 4*a + a - 5*p + 280. Let v = 90 + a. What are the prime factors of v?
5, 7
Let y be 10 - 6 - (-1 - 0). Suppose 0 = -y*h + 6*h + 70. Let o = h + 106. What are the prime factors of o?
2, 3
Suppose 0 = -5*n - 4*v + 16594, 4*v - 16598 = -5*n + v. List the prime factors of n.
2, 11, 151
Suppose 2125*j - 2129*j + 224 = 0. Let c = 7 - 1. Suppose 5*f = c*f - j. List the prime factors of f.
2, 7
Let l(c) be the third derivative of -c**5/60 + 5*c**4/12 + c**3/2 + 5*c**2. Let s be l(7). Let d = -16 + s. List the prime factors of d.
2
Let i(b) = -7*b - 9. Let u(a) = 3*a + 4. Let j(r) = 6*i(r) + 13*u(r). Suppose -5*f - 56 = -0*k + k, -5*f - 52 = -3*k. What are the prime factors of j(f)?
31
Let r = -29 + 30. Let g be -1*(1 + -10*r). List the prime factors of (g/(-2))/((-15)/140).
2, 3, 7
Let v = -8 + 13. Suppose 2*z - z + x = 0, 6 = 2*z + v*x. List the prime factors of (-77)/z + (-1)/2.
2, 19
Suppose -6*j + 490 = 76. Suppose r - 45 - j = 0. List the prime factors of r.
2, 3, 19
Let m be 1430/14 + (-4)/28. Suppose -2*i + 3*n = 8*n - m, 2*n = i - 33. What are the prime factors of i?
41
Suppose -2*l - l + 2*n = -19, 0 = 3*l - 3*n - 24. Suppose -l*u + 113 + 112 = 0. Let m = u + -43. List the prime factors of m.
2
Let o(h) = 10 - 2*h**3 + 3*h**2 + 3*h**2 - h**3 - 9*h + 4*h**3. Let f be 2*((-6)/(-24))/(3/(-42)). What are the prime factors of o(f)?
2, 3
Let r = 10 + -10. Suppose 5*n + 9 = -z, 3*z + r*n + 5*n = 3. Suppose -45 = j - z*j. List the prime factors of j.
3
Let a be 2*(-29 + 1 + -2). Let j = a + 147. What are the prime factors of j?
3, 29
Let a be (-3)/4*8/(4 - 6). What are the prime factors of (a/(-1) - -2)*-46?
2, 23
Let m(k) = -19*k - 167. What are the prime factors of m(-16)?
137
Let l be -57*(-1 + -3 + 3). Let i = -8 + -20. Let f = l + i. List the prime factors of f.
29
Suppose o = 4*d + 21, -5 = 2*o - 4*d - 51. Suppose -7*g + o = -248. Let v = 76 - g. What are the prime factors of v?
37
What are the prime factors of ((-19449)/45)/(11/(-55))?
2161
What are the prime factors of (-20184)/(-21) + ((-88)/28 - -4)?
2, 13, 37
Let q = 2807 - 986. List the prime factors of q.
3, 607
Let r be -2*18*24/32. Let z be r/(-4) + (-2)/(-8). Suppose -b + z = f + 2*f, 5*f + b - 15 = 0. List the prime factors of f.
2
Suppose 13*d = 3*m + 8*d - 8042, -2*m = 4*d - 5354. List the prime factors of m.
3, 19, 47
What are the prime factors of (0 + 29)*(-175 + 189)?
2, 7, 29
Let i = 1 + 0. Suppose 8*a - 46 - 18 = 0. What are the prime factors of 16/a - -7*i?
3
Suppose -28*d + 29*d - 4*l = 537, 4*d - 4*l = 2196. What are the prime factors of d?
7, 79
Let j(n) = 28*n - 235. List the prime factors of j(26).
17, 29
Suppose 0 = 21*d + 9*d - 57120. List the prime factors of d.
2, 7, 17
Suppose 0 = -4*v - 7 + 19. Suppose 2*y + v*n = 204, -2*y - 3*n + 396 = 2*y. Suppose -13*i = -17*i + y. List the prime factors of i.
2, 3
Let g(p) = p**3 - 8*p**2 + 16*p - 5. Let l = -4 + 4. Suppose -6*h + 1 + 41 = l. What are the prime factors of g(h)?
2, 29
Suppose -748 = -9*b - 379. What are the prime factors of b?
41
Let r(d) = -73*d + 33. List the prime factors of r(-6).
3, 157
Let c(r) = 117*r - 23. What are the prime factors of c(5)?
2, 281
Let c(m) = m**3 + 32*m - 27. What are the prime factors of c(7)?
2, 3, 5
Let g be (-432)/32*(-4)/6. Let q = g - -84. List the prime factors of q.
3, 31
Let j(f) = 15*f**2 + f + 331. List the prime factors of j(0).
331
Let q = -36 + 39. Suppose -2*f - 5 + q = 0, r = 3*f + 151. List the prime factors of r.
2, 37
List the prime factors of 26/((-2 - -6) + (-555)/140).
2, 7, 13
Let t(z) = -3*z**2 + 18*z - 8. Let d(o) = o. Let j(r) = 3*d(r) - t(r). What are the prime factors of j(7)?
2, 5
Let d(i) = 3*i**2 - 3. Let a be d(2). Suppose 3 = 3*f - a. Suppose 39 = f*m - 81. What are the prime factors of m?
2, 3, 5
Let r = -403 - -826. List the prime factors of r.
3, 47
Let a(q) = 18*q - 2. Let x(h) = -h**2 + 13*h + 3. Let v be x(13). Let b be a(v). Suppose -2*f = o - 11, 2*o + f - 3*f = b. What are the prime factors of o?
3, 7
Let u be (5 - 21665/(-20)) + (-1)/4. List the prime factors of (-17)/51 - u/(-6).
181
Let r(y) be the third derivative of -y**5/60 + y**4/3 - 11*y**3/6 - y**2. Let s be r(11). Let v = -11 - s. List the prime factors of v.
3, 11
Let c = -16 - -10. Let j be (0/(-3 - c))/1. Suppose j*i + 4*i - 44 = 0. What are the prime factors of i?
11
What are the prime factors of 45/135 + (-9454)/(-6)?
2, 197
Let o(c) = -c**3 + 18*c**2 - 17*c - 12. Let q be o(17). Let u be (q/5)/(5/25). What are the prime factors of u/114 - (-2571)/57?
3, 5
Let z = -502 - -911. What are the prime factors of z?
409
Suppose -4*w + 2*o = -78, 0 = o - 3. Suppose -w - 48 = -l. What are the prime factors of l?
3, 23
Suppose -3*r + 3 = 4*g - 16, -2*g + 9 = r. Suppose 0 = 5*x - 1795 + 245. What are the prime factors of 1/g - x/(-8)?
3, 13
Let i be -1 - (-780)/((-10)/(-2)). Suppose -5*d + 255 = 5*q, 4*q + 2*d - i = q. List the prime factors of q.
53
Suppose 1560 = 4*x - 3*p, -2*p + 7*p = 4*x - 1552. Suppose 0 = -2*d + 6*d - 4. Suppose 5*v - x = 2*s, -4*s - d = -5. What are the prime factors of v?
79
Let r(n) = n**3 + 18*n**2 + 17*n + 3. Let i be r(-17). Suppose 2*t - k = 192, k - 114 = -t - i*k. What are the prime factors of t?
2, 7
Let p be 5 - (-1 - 0)*-2. Suppose j + p = 2*r, 2*r + 3*r - 4*j = 0. Suppose -r*o = -8, -5*t = -o - 39 + 11. What are the prime factors of t?
2, 3
Let x = 1942 - 930. What are the prime factors of x?
2, 11, 23
Let b = 535 + 1079. What are the prime factors of b?
2, 3, 269
Let s be 1*2*(-33)/(-22). Suppose -s*v + 0*v = -36. Wh